-- https://www.phpmyadmin.net/
--

START TRANSACTION;



-- --------------------------------------------------------

--
-- Table structure for table `audit`
--

CREATE TABLE `audit` (
  `id` int(11) UNSIGNED NOT NULL,
  `user_id` bigint(20) UNSIGNED DEFAULT NULL,
  `auditor` varchar(255) DEFAULT NULL,
  `auditi` varchar(255) DEFAULT NULL,
  `tema` varchar(200) NOT NULL,
  `kategori` enum('Ringkas','Rapi','Resik','Safety','ISO 14001','Lainnya') NOT NULL,
  `pic_perbaikan` varchar(255) DEFAULT NULL,
  `lokasi` varchar(200) DEFAULT NULL,
  `foto_sebelum` varchar(255) DEFAULT NULL,
  `foto_sesudah` varchar(255) DEFAULT NULL,
  `keterangan` text DEFAULT NULL,
  `keterangan_sesudah` text DEFAULT NULL,
  `tanggal_audit` date NOT NULL,
  `tanggal_verifikasi` date DEFAULT NULL,
  `status` varchar(100) DEFAULT NULL,
  `created_at` timestamp NOT NULL DEFAULT current_timestamp(),
  `updated_at` timestamp NOT NULL DEFAULT current_timestamp() ON UPDATE current_timestamp(),
  `bagian_id` int(11) DEFAULT NULL
) ENGINE=InnoDB DEFAULT CHARSET=utf8mb4 COLLATE=utf8mb4_general_ci;

--
-- Dumping data for table `audit`
--

INSERT INTO `audit` (`id`, `user_id`, `auditor`, `auditi`, `tema`, `kategori`, `pic_perbaikan`, `lokasi`, `foto_sebelum`, `foto_sesudah`, `keterangan`, `keterangan_sesudah`, `tanggal_audit`, `tanggal_verifikasi`, `status`, `created_at`, `updated_at`, `bagian_id`) VALUES
(33, 4, '0', NULL, 'Sarana dan Prasarana', 'Rapi', 'Product Development', 'TEST1', 'audit/audit_auditor-machining_machining_sebelum_1752635622.jpg', 'audit/audit_auditor-machining_machining_sesudah_1752641867.jpg', 'TEST1', 'wdwd', '2025-07-16', '2025-08-16', 'Close', '2025-07-16 03:13:42', '2025-07-16 04:57:47', 9),
(34, 4, '0', NULL, 'Sarana dan Prasarana', 'Rapi', NULL, 'TEST1', 'audit/audit_auditor-machining_machining_sebelum_1752636864.jpg', NULL, 'TEST1', NULL, '2025-07-16', NULL, 'Open', '2025-07-16 03:34:24', '2025-07-16 03:40:16', 7),
(35, 4, '0', '0', 'Sarana dan Prasarana', 'Ringkas', 'Product Development', 'TEST1', 'audit/audit_auditor-machining_machining_sebelum_1752636943.jpg', 'audit/audit_auditor-machining_machining_sesudah_1752648027.jpg', 'TEST1', 'wd', '2025-07-16', '2025-08-15', 'Close', '2025-07-16 03:35:43', '2025-07-16 07:20:36', 8),
(36, 4, '0', '0', 'Sarana dan Prasarana', 'Rapi', 'Rubber', 'TEST1', 'audit/audit_auditor-machining_machining_sebelum_1752637583.jpg', 'audit/audit_auditor-machining_machining_sesudah_1752656228.jpg', 'TEST1', 'wdw', '2025-07-16', '2025-08-16', 'Close', '2025-07-16 03:46:23', '2025-07-16 08:57:08', 6),
(37, 4, '0', '0', 'Sarana dan Prasarana', 'Ringkas', 'Product Development', 'wd', 'audit/audit_auditor-machining_machining_sebelum_1752637842.jpg', 'audit/audit_auditor-machining_machining_sesudah_1752659301.jpg', 'wdw', 'da', '2025-07-16', '2025-08-16', 'Close', '2025-07-16 03:50:42', '2025-07-16 09:48:21', 7),
(38, 4, '0', '0', 'Sarana dan Prasarana', 'Resik', 'Injection', 'siang', 'audit/audit_auditor-machining_machining_sebelum_1752650554.jpg', 'audit/audit_auditor-machining_machining_sesudah_1752650711.jpg', 'siang', 'done', '2025-07-16', '2025-08-16', 'Open', '2025-07-16 07:22:34', '2025-07-16 07:25:11', 6),
(39, 4, '0', '0', 'Sarana dan Prasarana', 'Safety', NULL, 'wd', 'audit/audit_auditor-machining_machining_sebelum_1752656567.jpg', 'audit/audit_auditor-machining_machining_sesudah_1752656598.jpg', 'wd', 'wd', '2025-07-01', '2025-08-16', 'Open', '2025-07-16 09:02:47', '2025-07-16 09:03:18', 8),
(40, 4, '0', '0', 'Sarana dan Prasarana', 'Ringkas', 'System', 'divisi sistem', 'audit/audit_auditor-machining_machining_sebelum_1752659868.jpg', 'audit/audit_auditor-machining_machining_sesudah_1752659956.jpg', 'Tidak ada layout', 'oekeoek', '2025-07-16', '2025-08-16', 'Close', '2025-07-16 09:57:48', '2025-07-17 09:21:21', 4),
(41, 4, '0', '0', 'Sarana dan Prasarana', 'Ringkas', 'Rubber', 'KAMIS', 'audit/audit_auditor-machining_machining_sebelum_1752715149.jpg', 'audit/audit_auditor-machining_machining_sesudah_1752715219.jpg', 'KAMIS', 'DONNE', '2025-07-17', '2025-08-17', 'Close', '2025-07-17 01:19:11', '2025-07-21 08:54:46', 8),
(42, 10, '0', '0', 'Penanganan B3 dan Limbah B3', 'Resik', 'Tooling', 'KAMIS', 'audit/audit_auditor-tooling_tooling_sebelum_1752722303.jpg', 'audit/audit_auditor-tooling_tooling_sesudah_1752734430.jpg', 'KAMIS', 'KAMIS DONE', '2025-07-17', '2025-08-17', 'Close', '2025-07-17 03:18:23', '2025-07-17 06:41:12', 7),
(43, 10, '0', '0', 'Sarana dan Prasarana', 'Resik', 'Assembly', 'KAMIS', 'audit/audit_auditor-tooling_tooling_sebelum_1752739618.jpg', 'audit/audit_auditor-tooling_tooling_sesudah_1752739666.jpg', 'KAMIS', 'sw', '2025-07-17', '2025-08-17', 'Open', '2025-07-17 08:06:58', '2025-07-17 08:07:46', 8),
(44, 10, '0', '0', 'Penanganan B3 dan Limbah B3', 'Rapi', NULL, 'owekw', 'audit/audit_auditor-tooling_tooling_sebelum_1752739726.jpg', NULL, 'KAMIS', NULL, '2025-07-17', NULL, 'Open', '2025-07-17 08:08:46', '2025-07-17 08:08:46', 7),
(45, 4, '0', '0', 'Penanganan B3 dan Limbah B3', 'Rapi', NULL, 'owekw', 'audit/audit_auditor-machining_machining_sebelum_1752809667.jpg', NULL, 'KAMIS', NULL, '2025-07-17', NULL, 'Open', '2025-07-18 03:34:30', '2025-07-18 03:34:30', 5),
(46, 4, '0', '0', 'Segregasi, Identifikasi Area dan 5S Penempatan Barang', 'Rapi', NULL, 'owekw', 'audit/audit_auditor-machining_machining_sebelum_1752809689.jpg', NULL, 'KAMIS', NULL, '2025-07-17', NULL, 'Open', '2025-07-18 03:34:49', '2025-07-18 03:34:49', 5),
(47, 4, 'dani', 'fulan', 'Penanganan B3 dan Limbah B3', 'Resik', NULL, 'wd', 'audit/audit_auditor-machining_machining_sebelum_1753066902.jpg', NULL, 'wd', NULL, '2025-07-21', NULL, 'Open', '2025-07-21 03:01:42', '2025-07-21 03:01:42', 8),
(48, 4, 'dani', 'test', 'Sarana dan Prasarana', 'Rapi', NULL, 'mesin a', 'audit/audit_auditor-machining_machining_sebelum_1753068409.jpg', NULL, 'tidak rapih', NULL, '2025-07-21', NULL, 'Open', '2025-07-21 03:26:50', '2025-07-21 03:26:50', 8),
(49, 4, 'MR. DANI', 'MR. RAMA', 'Penanganan B3 dan Limbah B3', 'Ringkas', NULL, 'Line 3', 'audit/audit_auditor-machining_machining_sebelum_1753082965.jpg', NULL, 'Tidak ada FIFO', NULL, '2025-07-21', NULL, 'Open', '2025-07-21 07:29:26', '2025-07-21 07:29:26', 8),
(50, 4, 'MR. PANDA', 'MS. RATU', 'Penanganan B3 dan Limbah B3', 'Ringkas', NULL, 'Rest Area', 'audit/audit_auditor-machining_machining_sebelum_1753083325.jpg', NULL, 'Oli berceceran', NULL, '2025-07-21', NULL, 'Open', '2025-07-21 07:35:25', '2025-07-21 07:35:25', 5),
(51, 4, 'MR. PANDA', 'MS. RATU', 'Sarana dan Prasarana', 'Rapi', 'Rubber', 'Line A', 'audit/audit_auditor-machining_machining_sebelum_1753083842.jpg', 'audit/audit_auditor-machining_machining_sesudah_1753088277.jpg', 'Tidak ada meja untuk matrial', 'done', '2025-07-21', '2025-08-05', 'Close', '2025-07-21 07:44:02', '2025-07-21 08:59:50', 5),
(52, 4, 'DANI', 'MS RAHMA', 'Penanganan B3 dan Limbah B3', 'Ringkas', NULL, 'Gudang Injection', 'audit/audit_auditor-machining_machining_sebelum_1753240714.jpg', NULL, 'Limbah B3 tidak dibedakan tempatnya', NULL, '2025-07-23', NULL, 'Open', '2025-07-23 03:18:35', '2025-07-23 03:18:35', 8);

-- --------------------------------------------------------

--
-- Table structure for table `bagian`
--

CREATE TABLE `bagian` (
  `id` int(11) NOT NULL,
  `nama_bagian` varchar(100) NOT NULL,
  `created_at` timestamp NULL DEFAULT NULL,
  `updated_at` timestamp NULL DEFAULT NULL
) ENGINE=InnoDB DEFAULT CHARSET=utf8mb4 COLLATE=utf8mb4_general_ci;

--
-- Dumping data for table `bagian`
--

INSERT INTO `bagian` (`id`, `nama_bagian`, `created_at`, `updated_at`) VALUES
(1, 'HRD-GA', '2025-07-03 07:35:48', '2025-07-03 07:35:48'),
(2, 'Assembly', '2025-07-03 07:35:48', '2025-07-03 07:35:48'),
(3, 'Machining', '2025-07-03 07:35:48', '2025-07-03 07:35:48'),
(4, 'Stamping', '2025-07-03 07:35:48', '2025-07-03 07:35:48'),
(5, 'Injection', '2025-07-03 07:35:48', '2025-07-03 07:35:48'),
(6, 'Logistic', '2025-07-03 07:35:48', '2025-07-03 07:35:48'),
(7, 'Rubber', '2025-07-03 07:35:48', '2025-07-03 07:35:48'),
(8, 'Tooling', '2025-07-03 07:35:48', '2025-07-03 07:35:48'),
(9, 'System', NULL, NULL),
(10, 'Product Development', NULL, NULL),
(11, 'Accounting', NULL, NULL),
(13, 'Sales', NULL, NULL);

-- --------------------------------------------------------

--
-- Table structure for table `failed_jobs`
--

CREATE TABLE `failed_jobs` (
  `id` bigint(20) UNSIGNED NOT NULL,
  `uuid` varchar(255) NOT NULL,
  `connection` text NOT NULL,
  `queue` text NOT NULL,
  `payload` longtext NOT NULL,
  `exception` longtext NOT NULL,
  `failed_at` timestamp NOT NULL DEFAULT current_timestamp()
) ENGINE=InnoDB DEFAULT CHARSET=utf8mb4 COLLATE=utf8mb4_unicode_ci;

-- --------------------------------------------------------

--
-- Table structure for table `jadwal_verifikasi`
--

CREATE TABLE `jadwal_verifikasi` (
  `id` int(11) NOT NULL,
  `audit_id` int(11) UNSIGNED DEFAULT NULL,
  `tanggal_verifikasi` date NOT NULL,
  `created_at` timestamp NULL DEFAULT NULL,
  `updated_at` timestamp NULL DEFAULT NULL
) ENGINE=InnoDB DEFAULT CHARSET=utf8mb4 COLLATE=utf8mb4_general_ci;

-- --------------------------------------------------------

--
-- Table structure for table `jobs`
--

CREATE TABLE `jobs` (
  `id` bigint(20) UNSIGNED NOT NULL,
  `queue` varchar(255) NOT NULL,
  `payload` longtext NOT NULL,
  `attempts` tinyint(3) UNSIGNED NOT NULL,
  `reserved_at` int(10) UNSIGNED DEFAULT NULL,
  `available_at` int(10) UNSIGNED NOT NULL,
  `created_at` int(10) UNSIGNED NOT NULL
) ENGINE=InnoDB DEFAULT CHARSET=utf8mb4 COLLATE=utf8mb4_unicode_ci;

-- --------------------------------------------------------

--
-- Table structure for table `job_batches`
--

CREATE TABLE `job_batches` (
  `id` varchar(255) NOT NULL,
  `name` varchar(255) NOT NULL,
  `total_jobs` int(11) NOT NULL,
  `pending_jobs` int(11) NOT NULL,
  `failed_jobs` int(11) NOT NULL,
  `failed_job_ids` longtext NOT NULL,
  `options` mediumtext DEFAULT NULL,
  `cancelled_at` int(11) DEFAULT NULL,
  `created_at` int(11) NOT NULL,
  `finished_at` int(11) DEFAULT NULL
) ENGINE=InnoDB DEFAULT CHARSET=utf8mb4 COLLATE=utf8mb4_unicode_ci;

-- --------------------------------------------------------

--
-- Table structure for table `migrations`
--

CREATE TABLE `migrations` (
  `id` int(10) UNSIGNED NOT NULL,
  `migration` varchar(255) NOT NULL,
  `batch` int(11) NOT NULL
) ENGINE=InnoDB DEFAULT CHARSET=utf8mb4 COLLATE=utf8mb4_unicode_ci;

--
-- Dumping data for table `migrations`
--

INSERT INTO `migrations` (`id`, `migration`, `batch`) VALUES
(3, '0001_01_01_000001_create_cache_table', 2),
(4, '0001_01_01_000002_create_jobs_table', 2),
(5, '2025_07_09_164550_create_personal_access_tokens_table', 3),
(6, '2025_07_09_200547_update_type_column_in_notifications_table', 3),
(7, '2025_07_09_082533_create_notifications_table', 4);

-- --------------------------------------------------------

--
-- Table structure for table `notifications`
--

CREATE TABLE `notifications` (
  `id` char(36) NOT NULL,
  `type` varchar(255) NOT NULL,
  `notifiable_type` varchar(255) NOT NULL,
  `notifiable_id` bigint(20) UNSIGNED NOT NULL,
  `data` text NOT NULL,
  `read_at` timestamp NULL DEFAULT NULL,
  `created_at` timestamp NULL DEFAULT NULL,
  `updated_at` timestamp NULL DEFAULT NULL,
  `user_id` bigint(20) UNSIGNED DEFAULT NULL
) ENGINE=InnoDB DEFAULT CHARSET=utf8mb4 COLLATE=utf8mb4_unicode_ci;

--
-- Dumping data for table `notifications`
--

INSERT INTO `notifications` (`id`, `type`, `notifiable_type`, `notifiable_id`, `data`, `read_at`, `created_at`, `updated_at`, `user_id`) VALUES
('05dd7206-e9ff-49d7-aea1-1cb602f56047', 'App\\Notifications\\PesanNotifikasi', 'App\\Models\\User', 7, '{\"judul\":\"Jadwal Audit\",\"isi_pesan\":\"\\ud83d\\udce2 Pemberitahuan Audit 5S\\r\\n\\r\\nYth. Bapak\\/Ibu Auditor,\\r\\n\\r\\nAudit 5S akan dilaksanakan pada tanggal : [TANGGAL_AUDIT].\\r\\nTema audit bulan ini adalah : [TEMA_AUDIT]\\r\\n\\r\\nMohon mempersiapkan dokumen pendukung dan memastikan area terkait dalam kondisi sesuai standar.\\r\\n\\r\\nTerima kasih atas kerja sama dan partisipasinya.\\r\\n\\r\\nSalam hormat,\\r\\nTim Audit 5S\",\"foto\":null,\"icon\":\"\\ud83d\\udce2\",\"warna\":\"yellow\"}', NULL, '2025-07-21 07:44:27', '2025-07-21 07:44:27', NULL),
('0ef40a8b-beb6-4d94-b0af-05cf7b446638', 'App\\Notifications\\PesanNotifikasi', 'App\\Models\\Admin', 1, '{\"judul\":\"Pemberitahuan Umum\",\"isi_pesan\":\"\\ud83d\\udce2 Pemberitahuan Umum\\r\\n\\r\\nYth. Bapak\\/Ibu Auditor,\\r\\n\\r\\nBerikut informasi penting: [ISI_PESAN].\\r\\n\\r\\nMohon diperhatikan dan dilaksanakan sesuai instruksi.\\r\\n\\r\\nTerima kasih.\\r\\n\\r\\nSalam hormat,\\r\\nManajemen Audit\",\"foto\":null,\"icon\":\"\\ud83d\\udce2\",\"warna\":\"yellow\"}', NULL, '2025-07-09 14:24:07', '2025-07-09 14:24:07', NULL),
('17c5d022-2651-4f84-a57d-033f3fbdeff7', 'App\\Notifications\\PesanNotifikasi', 'App\\Models\\User', 10, '{\"judul\":\"Jadwal Verifikasi\",\"isi_pesan\":\"\\ud83d\\udce2 Pemberitahuan Verifikasi Audit\\r\\n\\r\\nYth. Bapak\\/Ibu Auditor,\\r\\n\\r\\nVerifikasi hasil audit akan dilakukan pada: [11 Agustus 2025].\\r\\n\\r\\nDimohon memeriksa kembali kelengkapan data dan dokumen pendukung.\\r\\n\\r\\nTerima kasih.\\r\\n\\r\\nHormat kami,\\r\\nTim Audit 5S\",\"foto\":null,\"icon\":\"\\ud83d\\udce2\",\"warna\":\"yellow\"}', NULL, '2025-07-11 04:32:51', '2025-07-11 04:32:51', NULL),
('1ad11365-9947-4758-8799-8973400b2a37', 'App\\Notifications\\PesanNotifikasi', 'App\\Models\\User', 12, '{\"judul\":\"Jadwal Verifikasi\",\"isi_pesan\":\"\\ud83d\\udce2 Pemberitahuan Verifikasi Audit\\r\\n\\r\\nYth. Bapak\\/Ibu Auditor,\\r\\n\\r\\nVerifikasi hasil audit akan dilakukan pada: [TANGGAL_VERIFIKASI].\\r\\n\\r\\nDimohon memeriksa kembali kelengkapan data dan dokumen pendukung.\\r\\n\\r\\nTerima kasih.\\r\\n\\r\\nHormat kami,\\r\\nTim Audit 5S\",\"foto\":null,\"icon\":\"\\ud83d\\udce2\",\"warna\":\"yellow\"}', NULL, '2025-07-21 07:47:28', '2025-07-21 07:47:28', NULL),
('20dc08c4-faf6-4db1-a7d1-a147b63e8c16', 'App\\Notifications\\PesanNotifikasi', 'App\\Models\\User', 7, '{\"judul\":\"Jadwal Verifikasi\",\"isi_pesan\":\"\\ud83d\\udce2 Pemberitahuan Verifikasi Audit\\r\\n\\r\\nYth. Bapak\\/Ibu Auditor,\\r\\n\\r\\nVerifikasi hasil audit akan dilakukan pada: [11 Agustus 2025].\\r\\n\\r\\nDimohon memeriksa kembali kelengkapan data dan dokumen pendukung.\\r\\n\\r\\nTerima kasih.\\r\\n\\r\\nHormat kami,\\r\\nTim Audit 5S\",\"foto\":null,\"icon\":\"\\ud83d\\udce2\",\"warna\":\"yellow\"}', NULL, '2025-07-11 04:32:51', '2025-07-11 04:32:51', NULL),
('271d21b2-b3f0-418e-ac6d-2f105093c664', 'App\\Notifications\\PesanNotifikasi', 'App\\Models\\User', 12, '{\"judul\":\"Jadwal Verifikasi\",\"isi_pesan\":\"\\ud83d\\udce2 Pemberitahuan Verifikasi Audit\\r\\n\\r\\nYth. Bapak\\/Ibu Auditor,\\r\\n\\r\\nVerifikasi hasil audit akan dilakukan pada: [11 Agustus 2025].\\r\\n\\r\\nDimohon memeriksa kembali kelengkapan data dan dokumen pendukung.\\r\\n\\r\\nTerima kasih.\\r\\n\\r\\nHormat kami,\\r\\nTim Audit 5S\",\"foto\":null,\"icon\":\"\\ud83d\\udce2\",\"warna\":\"yellow\"}', NULL, '2025-07-11 04:32:51', '2025-07-11 04:32:51', NULL),
('276dc771-f41d-4201-9371-c21e18cad412', 'App\\Notifications\\PesanNotifikasi', 'App\\Models\\User', 12, '{\"judul\":\"Pemberitahuan Umum\",\"isi_pesan\":\"\\ud83d\\udce2 Pemberitahuan Umum\\r\\n\\r\\nYth. Bapak\\/Ibu Auditor,\\r\\n\\r\\nBerikut informasi penting: [ISI_PESAN].\\r\\n\\r\\nMohon diperhatikan dan dilaksanakan sesuai instruksi.\\r\\n\\r\\nTerima kasih.\\r\\n\\r\\nSalam hormat,\\r\\nManajemen Audit\",\"foto\":null,\"icon\":\"\\ud83d\\udce2\",\"warna\":\"yellow\"}', NULL, '2025-07-09 13:27:42', '2025-07-09 13:27:42', NULL),
('27ba4e99-f833-4064-92e4-bbbfb5aaf8b0', 'App\\Notifications\\PesanNotifikasi', 'App\\Models\\User', 12, '{\"judul\":\"Pemberitahuan Umum\",\"isi_pesan\":\"\\ud83d\\udce2 Pemberitahuan Umum\\r\\n\\r\\nYth. Bapak\\/Ibu Auditor,\\r\\n\\r\\nBerikut informasi penting: [ISI_PESAN].\\r\\n\\r\\nMohon diperhatikan dan dilaksanakan sesuai instruksi.\\r\\n\\r\\nTerima kasih.\\r\\n\\r\\nSalam hormat,\\r\\nManajemen Audit\",\"foto\":null,\"icon\":\"\\ud83d\\udce2\",\"warna\":\"yellow\"}', NULL, '2025-07-09 14:24:07', '2025-07-09 14:24:07', NULL),
('2b5ddf32-95d8-4ac0-9a92-9eeea44977f4', 'App\\Notifications\\PesanNotifikasi', 'App\\Models\\User', 10, '{\"judul\":\"Pemberitahuan Umum\",\"isi_pesan\":\"\\ud83d\\udce2 Pemberitahuan Umum\\r\\n\\r\\nYth. Bapak\\/Ibu Auditor,\\r\\n\\r\\nBerikut informasi penting: [ISI_PESAN].\\r\\n\\r\\nMohon diperhatikan dan dilaksanakan sesuai instruksi.\\r\\n\\r\\nTerima kasih.\\r\\n\\r\\nSalam hormat,\\r\\nManajemen Audit\",\"foto\":null,\"icon\":\"\\ud83d\\udce2\",\"warna\":\"yellow\"}', NULL, '2025-07-09 14:24:07', '2025-07-09 14:24:07', NULL),
('37b86f3e-f3fe-4690-83c7-d7920e7879e9', 'App\\Notifications\\PesanNotifikasi', 'App\\Models\\User', 5, '{\"judul\":\"Jadwal Audit\",\"isi_pesan\":\"\\ud83d\\udce2 Pemberitahuan Audit 5S\\r\\n\\r\\nYth. Bapak\\/Ibu Auditor,\\r\\n\\r\\nAudit 5S akan dilaksanakan pada tanggal : [TANGGAL_AUDIT].\\r\\nTema audit bulan ini adalah : [TEMA_AUDIT]\\r\\n\\r\\nMohon mempersiapkan dokumen pendukung dan memastikan area terkait dalam kondisi sesuai standar.\\r\\n\\r\\nTerima kasih atas kerja sama dan partisipasinya.\\r\\n\\r\\nSalam hormat,\\r\\nTim Audit 5S\",\"foto\":null,\"icon\":\"\\ud83d\\udce2\",\"warna\":\"yellow\"}', NULL, '2025-07-21 07:44:27', '2025-07-21 07:44:27', NULL),
('38ef08e5-0807-4b43-a362-779007089034', 'App\\Notifications\\PesanNotifikasi', 'App\\Models\\User', 4, '{\"judul\":\"Pemberitahuan Umum\",\"isi_pesan\":\"\\ud83d\\udce2 Pemberitahuan Umum\\r\\n\\r\\nYth. Bapak\\/Ibu Auditor,\\r\\n\\r\\nBerikut informasi penting: [ISI_PESAN].\\r\\n\\r\\nMohon diperhatikan dan dilaksanakan sesuai instruksi.\\r\\n\\r\\nTerima kasih.\\r\\n\\r\\nSalam hormat,\\r\\nManajemen Audit\",\"foto\":null,\"icon\":\"\\ud83d\\udce2\",\"warna\":\"yellow\"}', '2025-07-09 14:24:37', '2025-07-09 14:24:07', '2025-07-09 14:24:37', NULL),
('3d59e632-f191-4220-8077-ea4a4f9dae90', 'App\\Notifications\\PesanNotifikasi', 'App\\Models\\Admin', 2, '{\"judul\":\"Jadwal Audit\",\"isi_pesan\":\"\\ud83d\\udce2 Pemberitahuan Audit 5S\\r\\n\\r\\nYth. Bapak\\/Ibu Auditor,\\r\\n\\r\\nAudit 5S akan dilaksanakan pada tanggal : [TANGGAL_AUDIT].\\r\\nTema audit bulan ini adalah : [TEMA_AUDIT]\\r\\n\\r\\nMohon mempersiapkan dokumen pendukung dan memastikan area terkait dalam kondisi sesuai standar.\\r\\n\\r\\nTerima kasih atas kerja sama dan partisipasinya.\\r\\n\\r\\nSalam hormat,\\r\\nTim Audit 5S\",\"foto\":null,\"icon\":\"\\ud83d\\udce2\",\"warna\":\"yellow\"}', NULL, '2025-07-21 07:44:27', '2025-07-21 07:44:27', NULL),
('42cd5393-f0b1-4c29-bb35-d8641c88bf90', 'App\\Notifications\\PesanNotifikasi', 'App\\Models\\User', 4, '{\"judul\":\"Jadwal Verifikasi\",\"isi_pesan\":\"\\ud83d\\udce2 Pemberitahuan Verifikasi Audit\\r\\n\\r\\nYth. Bapak\\/Ibu Auditor,\\r\\n\\r\\nVerifikasi hasil audit akan dilakukan pada: [11 Agustus 2025].\\r\\n\\r\\nDimohon memeriksa kembali kelengkapan data dan dokumen pendukung.\\r\\n\\r\\nTerima kasih.\\r\\n\\r\\nHormat kami,\\r\\nTim Audit 5S\",\"foto\":null,\"icon\":\"\\ud83d\\udce2\",\"warna\":\"yellow\"}', '2025-07-18 14:39:18', '2025-07-11 04:32:51', '2025-07-18 14:39:18', NULL),
('43bd7053-88c6-4b5c-9757-395ae4934957', 'App\\Notifications\\PesanNotifikasi', 'App\\Models\\User', 9, '{\"judul\":\"Pemberitahuan Umum\",\"isi_pesan\":\"\\ud83d\\udce2 Pemberitahuan Umum\\r\\n\\r\\nYth. Bapak\\/Ibu Auditor,\\r\\n\\r\\nBerikut informasi penting: [ISI_PESAN].\\r\\n\\r\\nMohon diperhatikan dan dilaksanakan sesuai instruksi.\\r\\n\\r\\nTerima kasih.\\r\\n\\r\\nSalam hormat,\\r\\nManajemen Audit\",\"foto\":null,\"icon\":\"\\ud83d\\udce2\",\"warna\":\"yellow\"}', NULL, '2025-07-09 14:24:07', '2025-07-09 14:24:07', NULL),
('44485af7-5a30-4c3d-9ccb-5319b0d9ea8b', 'App\\Notifications\\PesanNotifikasi', 'App\\Models\\User', 4, '{\"judul\":\"Jadwal Verifikasi\",\"isi_pesan\":\"\\ud83d\\udce2 Pemberitahuan Verifikasi Audit\\r\\n\\r\\nYth. Bapak\\/Ibu Auditor,\\r\\n\\r\\nVerifikasi hasil audit akan dilakukan pada: [TANGGAL_VERIFIKASI].\\r\\n\\r\\nDimohon memeriksa kembali kelengkapan data dan dokumen pendukung.\\r\\n\\r\\nTerima kasih.\\r\\n\\r\\nHormat kami,\\r\\nTim Audit 5S\",\"foto\":null,\"icon\":\"\\ud83d\\udce2\",\"warna\":\"yellow\"}', NULL, '2025-07-21 07:47:28', '2025-07-21 07:47:28', NULL),
('506c9de0-a013-4d64-b003-37cb7525d228', 'App\\Notifications\\PesanNotifikasi', 'App\\Models\\User', 8, '{\"judul\":\"Jadwal Verifikasi\",\"isi_pesan\":\"\\ud83d\\udce2 Pemberitahuan Verifikasi Audit\\r\\n\\r\\nYth. Bapak\\/Ibu Auditor,\\r\\n\\r\\nVerifikasi hasil audit akan dilakukan pada: [11 Agustus 2025].\\r\\n\\r\\nDimohon memeriksa kembali kelengkapan data dan dokumen pendukung.\\r\\n\\r\\nTerima kasih.\\r\\n\\r\\nHormat kami,\\r\\nTim Audit 5S\",\"foto\":null,\"icon\":\"\\ud83d\\udce2\",\"warna\":\"yellow\"}', NULL, '2025-07-11 04:32:51', '2025-07-11 04:32:51', NULL),
('51faaa80-3e7f-4c94-b989-98694bc57c26', 'App\\Notifications\\PesanNotifikasi', 'App\\Models\\User', 10, '{\"judul\":\"Jadwal Audit\",\"isi_pesan\":\"\\ud83d\\udce2 Pemberitahuan Audit 5S\\r\\n\\r\\nYth. Bapak\\/Ibu Auditor,\\r\\n\\r\\nAudit 5S akan dilaksanakan pada tanggal : [TANGGAL_AUDIT].\\r\\nTema audit bulan ini adalah : [TEMA_AUDIT]\\r\\n\\r\\nMohon mempersiapkan dokumen pendukung dan memastikan area terkait dalam kondisi sesuai standar.\\r\\n\\r\\nTerima kasih atas kerja sama dan partisipasinya.\\r\\n\\r\\nSalam hormat,\\r\\nTim Audit 5S\",\"foto\":null,\"icon\":\"\\ud83d\\udce2\",\"warna\":\"yellow\"}', NULL, '2025-07-11 09:35:24', '2025-07-11 09:35:24', NULL),
('53c212c5-df8c-4323-a22c-b48d96bd94ba', 'App\\Notifications\\PesanNotifikasi', 'App\\Models\\User', 5, '{\"judul\":\"Pemberitahuan Umum\",\"isi_pesan\":\"\\ud83d\\udce2 Pemberitahuan Umum\\r\\n\\r\\nYth. Bapak\\/Ibu Auditor,\\r\\n\\r\\nBerikut informasi penting: [ISI_PESAN].\\r\\n\\r\\nMohon diperhatikan dan dilaksanakan sesuai instruksi.\\r\\n\\r\\nTerima kasih.\\r\\n\\r\\nSalam hormat,\\r\\nManajemen Audit\",\"foto\":null,\"icon\":\"\\ud83d\\udce2\",\"warna\":\"yellow\"}', NULL, '2025-07-09 14:24:07', '2025-07-09 14:24:07', NULL),
('57fcf84d-0b7e-4ae9-b88e-2ad3d2bdd06a', 'App\\Notifications\\PesanNotifikasi', 'App\\Models\\User', 8, '{\"judul\":\"Jadwal Audit\",\"isi_pesan\":\"\\ud83d\\udce2 Pemberitahuan Audit 5S\\r\\n\\r\\nYth. Bapak\\/Ibu Auditor,\\r\\n\\r\\nAudit 5S akan dilaksanakan pada tanggal : [TANGGAL_AUDIT].\\r\\nTema audit bulan ini adalah : [TEMA_AUDIT]\\r\\n\\r\\nMohon mempersiapkan dokumen pendukung dan memastikan area terkait dalam kondisi sesuai standar.\\r\\n\\r\\nTerima kasih atas kerja sama dan partisipasinya.\\r\\n\\r\\nSalam hormat,\\r\\nTim Audit 5S\",\"foto\":null,\"icon\":\"\\ud83d\\udce2\",\"warna\":\"yellow\"}', NULL, '2025-07-21 07:44:27', '2025-07-21 07:44:27', NULL),
('5942a995-24d0-4f46-b552-0bdd529fdef4', 'App\\Notifications\\PesanNotifikasi', 'App\\Models\\User', 9, '{\"judul\":\"Jadwal Verifikasi\",\"isi_pesan\":\"\\ud83d\\udce2 Pemberitahuan Verifikasi Audit\\r\\n\\r\\nYth. Bapak\\/Ibu Auditor,\\r\\n\\r\\nVerifikasi hasil audit akan dilakukan pada: [TANGGAL_VERIFIKASI].\\r\\n\\r\\nDimohon memeriksa kembali kelengkapan data dan dokumen pendukung.\\r\\n\\r\\nTerima kasih.\\r\\n\\r\\nHormat kami,\\r\\nTim Audit 5S\",\"foto\":null,\"icon\":\"\\ud83d\\udce2\",\"warna\":\"yellow\"}', NULL, '2025-07-21 07:47:28', '2025-07-21 07:47:28', NULL),
('594de45c-4662-4329-8f8e-ee6567cfa2f8', 'App\\Notifications\\PesanNotifikasi', 'App\\Models\\User', 6, '{\"judul\":\"Pemberitahuan Umum\",\"isi_pesan\":\"\\ud83d\\udce2 Pemberitahuan Umum\\r\\n\\r\\nYth. Bapak\\/Ibu Auditor,\\r\\n\\r\\nBerikut informasi penting: [ISI_PESAN].\\r\\n\\r\\nMohon diperhatikan dan dilaksanakan sesuai instruksi.\\r\\n\\r\\nTerima kasih.\\r\\n\\r\\nSalam hormat,\\r\\nManajemen Audit\",\"foto\":null,\"icon\":\"\\ud83d\\udce2\",\"warna\":\"yellow\"}', NULL, '2025-07-09 14:24:07', '2025-07-09 14:24:07', NULL),
('5f3e96ba-fb86-4ad7-880f-6ebcaeee8164', 'App\\Notifications\\PesanNotifikasi', 'App\\Models\\User', 5, '{\"judul\":\"Pemberitahuan Umum\",\"isi_pesan\":\"\\ud83d\\udce2 Pemberitahuan Umum\\r\\n\\r\\nYth. Bapak\\/Ibu Auditor,\\r\\n\\r\\nBerikut informasi penting: [ISI_PESAN].\\r\\n\\r\\nMohon diperhatikan dan dilaksanakan sesuai instruksi.\\r\\n\\r\\nTerima kasih.\\r\\n\\r\\nSalam hormat,\\r\\nManajemen Audit\",\"foto\":null,\"icon\":\"\\ud83d\\udce2\",\"warna\":\"yellow\"}', NULL, '2025-07-09 13:27:42', '2025-07-09 13:27:42', NULL),
('61e30531-ad02-4d7c-a0a7-7dba32283371', 'App\\Notifications\\PesanNotifikasi', 'App\\Models\\User', 9, '{\"judul\":\"Jadwal Audit\",\"isi_pesan\":\"\\ud83d\\udce2 Pemberitahuan Audit 5S\\r\\n\\r\\nYth. Bapak\\/Ibu Auditor,\\r\\n\\r\\nAudit 5S akan dilaksanakan pada tanggal : [TANGGAL_AUDIT].\\r\\nTema audit bulan ini adalah : [TEMA_AUDIT]\\r\\n\\r\\nMohon mempersiapkan dokumen pendukung dan memastikan area terkait dalam kondisi sesuai standar.\\r\\n\\r\\nTerima kasih atas kerja sama dan partisipasinya.\\r\\n\\r\\nSalam hormat,\\r\\nTim Audit 5S\",\"foto\":null,\"icon\":\"\\ud83d\\udce2\",\"warna\":\"yellow\"}', NULL, '2025-07-21 07:44:27', '2025-07-21 07:44:27', NULL),
('62d7b98c-23b6-47b0-aeba-4c4b4cccb4d1', 'App\\Notifications\\PesanNotifikasi', 'App\\Models\\User', 10, '{\"judul\":\"Pemberitahuan Umum\",\"isi_pesan\":\"\\ud83d\\udce2 Pemberitahuan Umum\\r\\n\\r\\nYth. Bapak\\/Ibu Auditor,\\r\\n\\r\\nBerikut informasi penting: [ISI_PESAN].\\r\\n\\r\\nMohon diperhatikan dan dilaksanakan sesuai instruksi.\\r\\n\\r\\nTerima kasih.\\r\\n\\r\\nSalam hormat,\\r\\nManajemen Audit\",\"foto\":null,\"icon\":\"\\ud83d\\udce2\",\"warna\":\"yellow\"}', NULL, '2025-07-09 13:27:42', '2025-07-09 13:27:42', NULL),
('6a51da59-536d-473e-82a4-f3bec89d2326', 'App\\Notifications\\PesanNotifikasi', 'App\\Models\\User', 5, '{\"judul\":\"Jadwal Audit\",\"isi_pesan\":\"\\ud83d\\udce2 Pemberitahuan Audit 5S\\r\\n\\r\\nYth. Bapak\\/Ibu Auditor,\\r\\n\\r\\nAudit 5S akan dilaksanakan pada tanggal : [TANGGAL_AUDIT].\\r\\nTema audit bulan ini adalah : [TEMA_AUDIT]\\r\\n\\r\\nMohon mempersiapkan dokumen pendukung dan memastikan area terkait dalam kondisi sesuai standar.\\r\\n\\r\\nTerima kasih atas kerja sama dan partisipasinya.\\r\\n\\r\\nSalam hormat,\\r\\nTim Audit 5S\",\"foto\":null,\"icon\":\"\\ud83d\\udce2\",\"warna\":\"yellow\"}', NULL, '2025-07-11 09:35:24', '2025-07-11 09:35:24', NULL),
('76b57e71-ea1b-4d18-ba55-7f98bf823185', 'App\\Notifications\\PesanNotifikasi', 'App\\Models\\Admin', 2, '{\"judul\":\"Jadwal Verifikasi\",\"isi_pesan\":\"\\ud83d\\udce2 Pemberitahuan Verifikasi Audit\\r\\n\\r\\nYth. Bapak\\/Ibu Auditor,\\r\\n\\r\\nVerifikasi hasil audit akan dilakukan pada: [TANGGAL_VERIFIKASI].\\r\\n\\r\\nDimohon memeriksa kembali kelengkapan data dan dokumen pendukung.\\r\\n\\r\\nTerima kasih.\\r\\n\\r\\nHormat kami,\\r\\nTim Audit 5S\",\"foto\":null,\"icon\":\"\\ud83d\\udce2\",\"warna\":\"yellow\"}', NULL, '2025-07-21 07:47:28', '2025-07-21 07:47:28', NULL),
('7ea9a4c3-8c46-4b59-b13f-5f39e76ecf6a', 'App\\Notifications\\PesanNotifikasi', 'App\\Models\\User', 7, '{\"judul\":\"Jadwal Audit\",\"isi_pesan\":\"\\ud83d\\udce2 Pemberitahuan Audit 5S\\r\\n\\r\\nYth. Bapak\\/Ibu Auditor,\\r\\n\\r\\nAudit 5S akan dilaksanakan pada tanggal : [TANGGAL_AUDIT].\\r\\nTema audit bulan ini adalah : [TEMA_AUDIT]\\r\\n\\r\\nMohon mempersiapkan dokumen pendukung dan memastikan area terkait dalam kondisi sesuai standar.\\r\\n\\r\\nTerima kasih atas kerja sama dan partisipasinya.\\r\\n\\r\\nSalam hormat,\\r\\nTim Audit 5S\",\"foto\":null,\"icon\":\"\\ud83d\\udce2\",\"warna\":\"yellow\"}', NULL, '2025-07-11 09:35:24', '2025-07-11 09:35:24', NULL),
('803b2fa2-d2da-4014-8b41-955083af94eb', 'App\\Notifications\\PesanNotifikasi', 'App\\Models\\Admin', 1, '{\"judul\":\"Pemberitahuan Umum\",\"isi_pesan\":\"\\ud83d\\udce2 Pemberitahuan Umum\\r\\n\\r\\nYth. Bapak\\/Ibu Auditor,\\r\\n\\r\\nBerikut informasi penting: [ISI_PESAN].\\r\\n\\r\\nMohon diperhatikan dan dilaksanakan sesuai instruksi.\\r\\n\\r\\nTerima kasih.\\r\\n\\r\\nSalam hormat,\\r\\nManajemen Audit\",\"foto\":null,\"icon\":\"\\ud83d\\udce2\",\"warna\":\"yellow\"}', NULL, '2025-07-09 13:27:42', '2025-07-09 13:27:42', NULL),
('81fc2b74-d739-4fc4-b5d3-b5c339e1a088', 'App\\Notifications\\PesanNotifikasi', 'App\\Models\\User', 4, '{\"judul\":\"Pemberitahuan Umum\",\"isi_pesan\":\"\\ud83d\\udce2 Pemberitahuan Umum\\r\\n\\r\\nYth. Bapak\\/Ibu Auditor,\\r\\n\\r\\nBerikut informasi penting: [ISI_PESAN].\\r\\n\\r\\nMohon diperhatikan dan dilaksanakan sesuai instruksi.\\r\\n\\r\\nTerima kasih.\\r\\n\\r\\nSalam hormat,\\r\\nManajemen Audit\",\"foto\":null,\"icon\":\"\\ud83d\\udce2\",\"warna\":\"yellow\"}', NULL, '2025-07-09 13:27:42', '2025-07-09 13:27:42', NULL),
('831a82c2-37f7-4653-a60b-12713a8d109b', 'App\\Notifications\\PesanNotifikasi', 'App\\Models\\User', 12, '{\"judul\":\"Jadwal Audit\",\"isi_pesan\":\"\\ud83d\\udce2 Pemberitahuan Audit 5S\\r\\n\\r\\nYth. Bapak\\/Ibu Auditor,\\r\\n\\r\\nAudit 5S akan dilaksanakan pada tanggal : [TANGGAL_AUDIT].\\r\\nTema audit bulan ini adalah : [TEMA_AUDIT]\\r\\n\\r\\nMohon mempersiapkan dokumen pendukung dan memastikan area terkait dalam kondisi sesuai standar.\\r\\n\\r\\nTerima kasih atas kerja sama dan partisipasinya.\\r\\n\\r\\nSalam hormat,\\r\\nTim Audit 5S\",\"foto\":null,\"icon\":\"\\ud83d\\udce2\",\"warna\":\"yellow\"}', NULL, '2025-07-09 13:22:06', '2025-07-09 13:22:06', NULL),
('839dc608-4b0c-4b95-add6-76cae3cd6346', 'App\\Notifications\\PesanNotifikasi', 'App\\Models\\User', 5, '{\"judul\":\"Jadwal Verifikasi\",\"isi_pesan\":\"\\ud83d\\udce2 Pemberitahuan Verifikasi Audit\\r\\n\\r\\nYth. Bapak\\/Ibu Auditor,\\r\\n\\r\\nVerifikasi hasil audit akan dilakukan pada: [11 Agustus 2025].\\r\\n\\r\\nDimohon memeriksa kembali kelengkapan data dan dokumen pendukung.\\r\\n\\r\\nTerima kasih.\\r\\n\\r\\nHormat kami,\\r\\nTim Audit 5S\",\"foto\":null,\"icon\":\"\\ud83d\\udce2\",\"warna\":\"yellow\"}', NULL, '2025-07-11 04:32:51', '2025-07-11 04:32:51', NULL),
('869e0a0e-b3a5-4528-8466-46313a63cbdb', 'App\\Notifications\\PesanNotifikasi', 'App\\Models\\User', 7, '{\"judul\":\"Jadwal Verifikasi\",\"isi_pesan\":\"\\ud83d\\udce2 Pemberitahuan Verifikasi Audit\\r\\n\\r\\nYth. Bapak\\/Ibu Auditor,\\r\\n\\r\\nVerifikasi hasil audit akan dilakukan pada: [TANGGAL_VERIFIKASI].\\r\\n\\r\\nDimohon memeriksa kembali kelengkapan data dan dokumen pendukung.\\r\\n\\r\\nTerima kasih.\\r\\n\\r\\nHormat kami,\\r\\nTim Audit 5S\",\"foto\":null,\"icon\":\"\\ud83d\\udce2\",\"warna\":\"yellow\"}', NULL, '2025-07-21 07:47:28', '2025-07-21 07:47:28', NULL),
('89eed2ea-0799-4224-b764-34e5041266dc', 'App\\Notifications\\PesanNotifikasi', 'App\\Models\\User', 12, '{\"judul\":\"Jadwal Audit\",\"isi_pesan\":\"\\ud83d\\udce2 Pemberitahuan Audit 5S\\r\\n\\r\\nYth. Bapak\\/Ibu Auditor,\\r\\n\\r\\nAudit 5S akan dilaksanakan pada tanggal : [TANGGAL_AUDIT].\\r\\nTema audit bulan ini adalah : [TEMA_AUDIT]\\r\\n\\r\\nMohon mempersiapkan dokumen pendukung dan memastikan area terkait dalam kondisi sesuai standar.\\r\\n\\r\\nTerima kasih atas kerja sama dan partisipasinya.\\r\\n\\r\\nSalam hormat,\\r\\nTim Audit 5S\",\"foto\":null,\"icon\":\"\\ud83d\\udce2\",\"warna\":\"yellow\"}', NULL, '2025-07-11 09:35:24', '2025-07-11 09:35:24', NULL),
('8d9760be-bc51-4285-b3ea-104320bcbe11', 'App\\Notifications\\PesanNotifikasi', 'App\\Models\\User', 6, '{\"judul\":\"Jadwal Verifikasi\",\"isi_pesan\":\"\\ud83d\\udce2 Pemberitahuan Verifikasi Audit\\r\\n\\r\\nYth. Bapak\\/Ibu Auditor,\\r\\n\\r\\nVerifikasi hasil audit akan dilakukan pada: [11 Agustus 2025].\\r\\n\\r\\nDimohon memeriksa kembali kelengkapan data dan dokumen pendukung.\\r\\n\\r\\nTerima kasih.\\r\\n\\r\\nHormat kami,\\r\\nTim Audit 5S\",\"foto\":null,\"icon\":\"\\ud83d\\udce2\",\"warna\":\"yellow\"}', '2025-07-11 04:33:26', '2025-07-11 04:32:51', '2025-07-11 04:33:26', NULL),
('91d98d99-d547-437a-8245-205a18eda4b5', 'App\\Notifications\\PesanNotifikasi', 'App\\Models\\User', 7, '{\"judul\":\"Pemberitahuan Umum\",\"isi_pesan\":\"\\ud83d\\udce2 Pemberitahuan Umum\\r\\n\\r\\nYth. Bapak\\/Ibu Auditor,\\r\\n\\r\\nBerikut informasi penting: [ISI_PESAN].\\r\\n\\r\\nMohon diperhatikan dan dilaksanakan sesuai instruksi.\\r\\n\\r\\nTerima kasih.\\r\\n\\r\\nSalam hormat,\\r\\nManajemen Audit\",\"foto\":null,\"icon\":\"\\ud83d\\udce2\",\"warna\":\"yellow\"}', NULL, '2025-07-09 13:27:42', '2025-07-09 13:27:42', NULL),
('932dddd3-1687-4457-8da6-9361f2c0abe3', 'App\\Notifications\\PesanNotifikasi', 'App\\Models\\User', 9, '{\"judul\":\"Pemberitahuan Umum\",\"isi_pesan\":\"\\ud83d\\udce2 Pemberitahuan Umum\\r\\n\\r\\nYth. Bapak\\/Ibu Auditor,\\r\\n\\r\\nBerikut informasi penting: [ISI_PESAN].\\r\\n\\r\\nMohon diperhatikan dan dilaksanakan sesuai instruksi.\\r\\n\\r\\nTerima kasih.\\r\\n\\r\\nSalam hormat,\\r\\nManajemen Audit\",\"foto\":null,\"icon\":\"\\ud83d\\udce2\",\"warna\":\"yellow\"}', NULL, '2025-07-09 13:27:42', '2025-07-09 13:27:42', NULL),
('a460ebab-ac0a-4e5a-b028-362a05883ff8', 'App\\Notifications\\PesanNotifikasi', 'App\\Models\\Admin', 2, '{\"judul\":\"Jadwal Verifikasi\",\"isi_pesan\":\"\\ud83d\\udce2 Pemberitahuan Verifikasi Audit\\r\\n\\r\\nYth. Bapak\\/Ibu Auditor,\\r\\n\\r\\nVerifikasi hasil audit akan dilakukan pada: [11 Agustus 2025].\\r\\n\\r\\nDimohon memeriksa kembali kelengkapan data dan dokumen pendukung.\\r\\n\\r\\nTerima kasih.\\r\\n\\r\\nHormat kami,\\r\\nTim Audit 5S\",\"foto\":null,\"icon\":\"\\ud83d\\udce2\",\"warna\":\"yellow\"}', NULL, '2025-07-11 04:32:51', '2025-07-11 04:32:51', NULL),
('a50b6855-4f76-459c-b934-6adbce3936e3', 'App\\Notifications\\PesanNotifikasi', 'App\\Models\\User', 5, '{\"judul\":\"Jadwal Audit\",\"isi_pesan\":\"\\ud83d\\udce2 Pemberitahuan Audit 5S\\r\\n\\r\\nYth. Bapak\\/Ibu Auditor,\\r\\n\\r\\nAudit 5S akan dilaksanakan pada tanggal : [TANGGAL_AUDIT].\\r\\nTema audit bulan ini adalah : [TEMA_AUDIT]\\r\\n\\r\\nMohon mempersiapkan dokumen pendukung dan memastikan area terkait dalam kondisi sesuai standar.\\r\\n\\r\\nTerima kasih atas kerja sama dan partisipasinya.\\r\\n\\r\\nSalam hormat,\\r\\nTim Audit 5S\",\"foto\":null,\"icon\":\"\\ud83d\\udce2\",\"warna\":\"yellow\"}', NULL, '2025-07-09 13:22:06', '2025-07-09 13:22:06', NULL),
('a78189e8-2e34-4aee-8b2e-04c630e460a3', 'App\\Notifications\\PesanNotifikasi', 'App\\Models\\User', 5, '{\"judul\":\"Jadwal Verifikasi\",\"isi_pesan\":\"\\ud83d\\udce2 Pemberitahuan Verifikasi Audit\\r\\n\\r\\nYth. Bapak\\/Ibu Auditor,\\r\\n\\r\\nVerifikasi hasil audit akan dilakukan pada: [TANGGAL_VERIFIKASI].\\r\\n\\r\\nDimohon memeriksa kembali kelengkapan data dan dokumen pendukung.\\r\\n\\r\\nTerima kasih.\\r\\n\\r\\nHormat kami,\\r\\nTim Audit 5S\",\"foto\":null,\"icon\":\"\\ud83d\\udce2\",\"warna\":\"yellow\"}', NULL, '2025-07-21 07:47:28', '2025-07-21 07:47:28', NULL),
('ab3d4f63-2245-41a4-8970-cc2877f71483', 'App\\Notifications\\PesanNotifikasi', 'App\\Models\\User', 6, '{\"judul\":\"Jadwal Verifikasi\",\"isi_pesan\":\"\\ud83d\\udce2 Pemberitahuan Verifikasi Audit\\r\\n\\r\\nYth. Bapak\\/Ibu Auditor,\\r\\n\\r\\nVerifikasi hasil audit akan dilakukan pada: [TANGGAL_VERIFIKASI].\\r\\n\\r\\nDimohon memeriksa kembali kelengkapan data dan dokumen pendukung.\\r\\n\\r\\nTerima kasih.\\r\\n\\r\\nHormat kami,\\r\\nTim Audit 5S\",\"foto\":null,\"icon\":\"\\ud83d\\udce2\",\"warna\":\"yellow\"}', NULL, '2025-07-21 07:47:28', '2025-07-21 07:47:28', NULL),
('adc26f1e-111e-4783-9748-2644b2cf61ae', 'App\\Notifications\\PesanNotifikasi', 'App\\Models\\Admin', 2, '{\"judul\":\"Jadwal Audit\",\"isi_pesan\":\"\\ud83d\\udce2 Pemberitahuan Audit 5S\\r\\n\\r\\nYth. Bapak\\/Ibu Auditor,\\r\\n\\r\\nAudit 5S akan dilaksanakan pada tanggal : [TANGGAL_AUDIT].\\r\\nTema audit bulan ini adalah : [TEMA_AUDIT]\\r\\n\\r\\nMohon mempersiapkan dokumen pendukung dan memastikan area terkait dalam kondisi sesuai standar.\\r\\n\\r\\nTerima kasih atas kerja sama dan partisipasinya.\\r\\n\\r\\nSalam hormat,\\r\\nTim Audit 5S\",\"foto\":null,\"icon\":\"\\ud83d\\udce2\",\"warna\":\"yellow\"}', NULL, '2025-07-11 09:35:24', '2025-07-11 09:35:24', NULL),
('b882b01c-7926-4fd0-8d15-48819663594b', 'App\\Notifications\\PesanNotifikasi', 'App\\Models\\User', 8, '{\"judul\":\"Jadwal Audit\",\"isi_pesan\":\"\\ud83d\\udce2 Pemberitahuan Audit 5S\\r\\n\\r\\nYth. Bapak\\/Ibu Auditor,\\r\\n\\r\\nAudit 5S akan dilaksanakan pada tanggal : [TANGGAL_AUDIT].\\r\\nTema audit bulan ini adalah : [TEMA_AUDIT]\\r\\n\\r\\nMohon mempersiapkan dokumen pendukung dan memastikan area terkait dalam kondisi sesuai standar.\\r\\n\\r\\nTerima kasih atas kerja sama dan partisipasinya.\\r\\n\\r\\nSalam hormat,\\r\\nTim Audit 5S\",\"foto\":null,\"icon\":\"\\ud83d\\udce2\",\"warna\":\"yellow\"}', NULL, '2025-07-09 13:22:06', '2025-07-09 13:22:06', NULL),
('b92df4e3-1d4e-4130-a4fd-85daf1c822f9', 'App\\Notifications\\PesanNotifikasi', 'App\\Models\\User', 10, '{\"judul\":\"Jadwal Audit\",\"isi_pesan\":\"\\ud83d\\udce2 Pemberitahuan Audit 5S\\r\\n\\r\\nYth. Bapak\\/Ibu Auditor,\\r\\n\\r\\nAudit 5S akan dilaksanakan pada tanggal : [TANGGAL_AUDIT].\\r\\nTema audit bulan ini adalah : [TEMA_AUDIT]\\r\\n\\r\\nMohon mempersiapkan dokumen pendukung dan memastikan area terkait dalam kondisi sesuai standar.\\r\\n\\r\\nTerima kasih atas kerja sama dan partisipasinya.\\r\\n\\r\\nSalam hormat,\\r\\nTim Audit 5S\",\"foto\":null,\"icon\":\"\\ud83d\\udce2\",\"warna\":\"yellow\"}', NULL, '2025-07-09 13:22:06', '2025-07-09 13:22:06', NULL),
('bf7f5e68-d0e2-4b65-9f3d-c292f18b02b2', 'App\\Notifications\\PesanNotifikasi', 'App\\Models\\User', 6, '{\"judul\":\"Jadwal Audit\",\"isi_pesan\":\"\\ud83d\\udce2 Pemberitahuan Audit 5S\\r\\n\\r\\nYth. Bapak\\/Ibu Auditor,\\r\\n\\r\\nAudit 5S akan dilaksanakan pada tanggal : [TANGGAL_AUDIT].\\r\\nTema audit bulan ini adalah : [TEMA_AUDIT]\\r\\n\\r\\nMohon mempersiapkan dokumen pendukung dan memastikan area terkait dalam kondisi sesuai standar.\\r\\n\\r\\nTerima kasih atas kerja sama dan partisipasinya.\\r\\n\\r\\nSalam hormat,\\r\\nTim Audit 5S\",\"foto\":null,\"icon\":\"\\ud83d\\udce2\",\"warna\":\"yellow\"}', NULL, '2025-07-21 07:44:27', '2025-07-21 07:44:27', NULL),
('c5dad6f0-7f4e-4c43-9455-6f117efcff4b', 'App\\Notifications\\PesanNotifikasi', 'App\\Models\\User', 6, '{\"judul\":\"Pemberitahuan Umum\",\"isi_pesan\":\"\\ud83d\\udce2 Pemberitahuan Umum\\r\\n\\r\\nYth. Bapak\\/Ibu Auditor,\\r\\n\\r\\nBerikut informasi penting: [ISI_PESAN].\\r\\n\\r\\nMohon diperhatikan dan dilaksanakan sesuai instruksi.\\r\\n\\r\\nTerima kasih.\\r\\n\\r\\nSalam hormat,\\r\\nManajemen Audit\",\"foto\":null,\"icon\":\"\\ud83d\\udce2\",\"warna\":\"yellow\"}', NULL, '2025-07-09 13:27:42', '2025-07-09 13:27:42', NULL),
('cb80cbaa-3196-4756-8f25-40ec67a39682', 'App\\Notifications\\PesanNotifikasi', 'App\\Models\\User', 7, '{\"judul\":\"Jadwal Audit\",\"isi_pesan\":\"\\ud83d\\udce2 Pemberitahuan Audit 5S\\r\\n\\r\\nYth. Bapak\\/Ibu Auditor,\\r\\n\\r\\nAudit 5S akan dilaksanakan pada tanggal : [TANGGAL_AUDIT].\\r\\nTema audit bulan ini adalah : [TEMA_AUDIT]\\r\\n\\r\\nMohon mempersiapkan dokumen pendukung dan memastikan area terkait dalam kondisi sesuai standar.\\r\\n\\r\\nTerima kasih atas kerja sama dan partisipasinya.\\r\\n\\r\\nSalam hormat,\\r\\nTim Audit 5S\",\"foto\":null,\"icon\":\"\\ud83d\\udce2\",\"warna\":\"yellow\"}', NULL, '2025-07-09 13:22:06', '2025-07-09 13:22:06', NULL),
('ccb8bb9e-42b5-448b-89e3-e7e6d2ff2440', 'App\\Notifications\\PesanNotifikasi', 'App\\Models\\User', 4, '{\"judul\":\"Jadwal Audit\",\"isi_pesan\":\"\\ud83d\\udce2 Pemberitahuan Audit 5S\\r\\n\\r\\nYth. Bapak\\/Ibu Auditor,\\r\\n\\r\\nAudit 5S akan dilaksanakan pada tanggal : [TANGGAL_AUDIT].\\r\\nTema audit bulan ini adalah : [TEMA_AUDIT]\\r\\n\\r\\nMohon mempersiapkan dokumen pendukung dan memastikan area terkait dalam kondisi sesuai standar.\\r\\n\\r\\nTerima kasih atas kerja sama dan partisipasinya.\\r\\n\\r\\nSalam hormat,\\r\\nTim Audit 5S\",\"foto\":null,\"icon\":\"\\ud83d\\udce2\",\"warna\":\"yellow\"}', '2025-07-09 13:22:42', '2025-07-09 13:22:05', '2025-07-09 13:22:42', NULL),
('ccd24739-ea43-4cff-9a3d-5824de7374dd', 'App\\Notifications\\PesanNotifikasi', 'App\\Models\\User', 9, '{\"judul\":\"Jadwal Audit\",\"isi_pesan\":\"\\ud83d\\udce2 Pemberitahuan Audit 5S\\r\\n\\r\\nYth. Bapak\\/Ibu Auditor,\\r\\n\\r\\nAudit 5S akan dilaksanakan pada tanggal : [TANGGAL_AUDIT].\\r\\nTema audit bulan ini adalah : [TEMA_AUDIT]\\r\\n\\r\\nMohon mempersiapkan dokumen pendukung dan memastikan area terkait dalam kondisi sesuai standar.\\r\\n\\r\\nTerima kasih atas kerja sama dan partisipasinya.\\r\\n\\r\\nSalam hormat,\\r\\nTim Audit 5S\",\"foto\":null,\"icon\":\"\\ud83d\\udce2\",\"warna\":\"yellow\"}', NULL, '2025-07-11 09:35:24', '2025-07-11 09:35:24', NULL),
('d72d41b1-2bea-4b6c-871b-0115e3f654e7', 'App\\Notifications\\PesanNotifikasi', 'App\\Models\\User', 9, '{\"judul\":\"Jadwal Verifikasi\",\"isi_pesan\":\"\\ud83d\\udce2 Pemberitahuan Verifikasi Audit\\r\\n\\r\\nYth. Bapak\\/Ibu Auditor,\\r\\n\\r\\nVerifikasi hasil audit akan dilakukan pada: [11 Agustus 2025].\\r\\n\\r\\nDimohon memeriksa kembali kelengkapan data dan dokumen pendukung.\\r\\n\\r\\nTerima kasih.\\r\\n\\r\\nHormat kami,\\r\\nTim Audit 5S\",\"foto\":null,\"icon\":\"\\ud83d\\udce2\",\"warna\":\"yellow\"}', NULL, '2025-07-11 04:32:51', '2025-07-11 04:32:51', NULL),
('e2371fc3-b2e7-4242-baba-5e743316afd3', 'App\\Notifications\\PesanNotifikasi', 'App\\Models\\User', 9, '{\"judul\":\"Jadwal Audit\",\"isi_pesan\":\"\\ud83d\\udce2 Pemberitahuan Audit 5S\\r\\n\\r\\nYth. Bapak\\/Ibu Auditor,\\r\\n\\r\\nAudit 5S akan dilaksanakan pada tanggal : [TANGGAL_AUDIT].\\r\\nTema audit bulan ini adalah : [TEMA_AUDIT]\\r\\n\\r\\nMohon mempersiapkan dokumen pendukung dan memastikan area terkait dalam kondisi sesuai standar.\\r\\n\\r\\nTerima kasih atas kerja sama dan partisipasinya.\\r\\n\\r\\nSalam hormat,\\r\\nTim Audit 5S\",\"foto\":null,\"icon\":\"\\ud83d\\udce2\",\"warna\":\"yellow\"}', NULL, '2025-07-09 13:22:06', '2025-07-09 13:22:06', NULL),
('e4461064-71e1-4ec5-8a24-4be4cea39e7f', 'App\\Notifications\\PesanNotifikasi', 'App\\Models\\User', 8, '{\"judul\":\"Pemberitahuan Umum\",\"isi_pesan\":\"\\ud83d\\udce2 Pemberitahuan Umum\\r\\n\\r\\nYth. Bapak\\/Ibu Auditor,\\r\\n\\r\\nBerikut informasi penting: [ISI_PESAN].\\r\\n\\r\\nMohon diperhatikan dan dilaksanakan sesuai instruksi.\\r\\n\\r\\nTerima kasih.\\r\\n\\r\\nSalam hormat,\\r\\nManajemen Audit\",\"foto\":null,\"icon\":\"\\ud83d\\udce2\",\"warna\":\"yellow\"}', NULL, '2025-07-09 13:27:42', '2025-07-09 13:27:42', NULL),
('e98dded3-5346-4fde-800c-0aa368644a9b', 'App\\Notifications\\PesanNotifikasi', 'App\\Models\\Admin', 1, '{\"judul\":\"Jadwal Audit\",\"isi_pesan\":\"\\ud83d\\udce2 Pemberitahuan Audit 5S\\r\\n\\r\\nYth. Bapak\\/Ibu Auditor,\\r\\n\\r\\nAudit 5S akan dilaksanakan pada tanggal : [TANGGAL_AUDIT].\\r\\nTema audit bulan ini adalah : [TEMA_AUDIT]\\r\\n\\r\\nMohon mempersiapkan dokumen pendukung dan memastikan area terkait dalam kondisi sesuai standar.\\r\\n\\r\\nTerima kasih atas kerja sama dan partisipasinya.\\r\\n\\r\\nSalam hormat,\\r\\nTim Audit 5S\",\"foto\":null,\"icon\":\"\\ud83d\\udce2\",\"warna\":\"yellow\"}', NULL, '2025-07-09 13:22:06', '2025-07-09 13:22:06', NULL),
('efb8aeed-a9ce-42fe-9783-f7c5b0910332', 'App\\Notifications\\PesanNotifikasi', 'App\\Models\\User', 8, '{\"judul\":\"Pemberitahuan Umum\",\"isi_pesan\":\"\\ud83d\\udce2 Pemberitahuan Umum\\r\\n\\r\\nYth. Bapak\\/Ibu Auditor,\\r\\n\\r\\nBerikut informasi penting: [ISI_PESAN].\\r\\n\\r\\nMohon diperhatikan dan dilaksanakan sesuai instruksi.\\r\\n\\r\\nTerima kasih.\\r\\n\\r\\nSalam hormat,\\r\\nManajemen Audit\",\"foto\":null,\"icon\":\"\\ud83d\\udce2\",\"warna\":\"yellow\"}', NULL, '2025-07-09 14:24:07', '2025-07-09 14:24:07', NULL),
('f00fc016-5d9b-4b45-9f54-f4159a594a17', 'App\\Notifications\\PesanNotifikasi', 'App\\Models\\User', 7, '{\"judul\":\"Pemberitahuan Umum\",\"isi_pesan\":\"\\ud83d\\udce2 Pemberitahuan Umum\\r\\n\\r\\nYth. Bapak\\/Ibu Auditor,\\r\\n\\r\\nBerikut informasi penting: [ISI_PESAN].\\r\\n\\r\\nMohon diperhatikan dan dilaksanakan sesuai instruksi.\\r\\n\\r\\nTerima kasih.\\r\\n\\r\\nSalam hormat,\\r\\nManajemen Audit\",\"foto\":null,\"icon\":\"\\ud83d\\udce2\",\"warna\":\"yellow\"}', NULL, '2025-07-09 14:24:07', '2025-07-09 14:24:07', NULL),
('f029e8fb-13a4-4c29-9e78-2fde4f31a23a', 'App\\Notifications\\PesanNotifikasi', 'App\\Models\\User', 4, '{\"judul\":\"Jadwal Audit\",\"isi_pesan\":\"\\ud83d\\udce2 Pemberitahuan Audit 5S\\r\\n\\r\\nYth. Bapak\\/Ibu Auditor,\\r\\n\\r\\nAudit 5S akan dilaksanakan pada tanggal : [TANGGAL_AUDIT].\\r\\nTema audit bulan ini adalah : [TEMA_AUDIT]\\r\\n\\r\\nMohon mempersiapkan dokumen pendukung dan memastikan area terkait dalam kondisi sesuai standar.\\r\\n\\r\\nTerima kasih atas kerja sama dan partisipasinya.\\r\\n\\r\\nSalam hormat,\\r\\nTim Audit 5S\",\"foto\":null,\"icon\":\"\\ud83d\\udce2\",\"warna\":\"yellow\"}', '2025-07-18 04:10:49', '2025-07-11 09:35:24', '2025-07-18 04:10:49', NULL),
('f0e5694f-2a8d-470e-95fb-d2893c255cb4', 'App\\Notifications\\PesanNotifikasi', 'App\\Models\\User', 10, '{\"judul\":\"Jadwal Audit\",\"isi_pesan\":\"\\ud83d\\udce2 Pemberitahuan Audit 5S\\r\\n\\r\\nYth. Bapak\\/Ibu Auditor,\\r\\n\\r\\nAudit 5S akan dilaksanakan pada tanggal : [TANGGAL_AUDIT].\\r\\nTema audit bulan ini adalah : [TEMA_AUDIT]\\r\\n\\r\\nMohon mempersiapkan dokumen pendukung dan memastikan area terkait dalam kondisi sesuai standar.\\r\\n\\r\\nTerima kasih atas kerja sama dan partisipasinya.\\r\\n\\r\\nSalam hormat,\\r\\nTim Audit 5S\",\"foto\":null,\"icon\":\"\\ud83d\\udce2\",\"warna\":\"yellow\"}', NULL, '2025-07-21 07:44:27', '2025-07-21 07:44:27', NULL),
('f34752bf-543f-4a1c-a4ce-73868633232a', 'App\\Notifications\\PesanNotifikasi', 'App\\Models\\User', 6, '{\"judul\":\"Jadwal Audit\",\"isi_pesan\":\"\\ud83d\\udce2 Pemberitahuan Audit 5S\\r\\n\\r\\nYth. Bapak\\/Ibu Auditor,\\r\\n\\r\\nAudit 5S akan dilaksanakan pada tanggal : [TANGGAL_AUDIT].\\r\\nTema audit bulan ini adalah : [TEMA_AUDIT]\\r\\n\\r\\nMohon mempersiapkan dokumen pendukung dan memastikan area terkait dalam kondisi sesuai standar.\\r\\n\\r\\nTerima kasih atas kerja sama dan partisipasinya.\\r\\n\\r\\nSalam hormat,\\r\\nTim Audit 5S\",\"foto\":null,\"icon\":\"\\ud83d\\udce2\",\"warna\":\"yellow\"}', '2025-07-11 09:35:37', '2025-07-11 09:35:24', '2025-07-11 09:35:37', NULL),
('f35d757f-0064-415c-8ae5-f0b3a823327b', 'App\\Notifications\\PesanNotifikasi', 'App\\Models\\User', 10, '{\"judul\":\"Jadwal Verifikasi\",\"isi_pesan\":\"\\ud83d\\udce2 Pemberitahuan Verifikasi Audit\\r\\n\\r\\nYth. Bapak\\/Ibu Auditor,\\r\\n\\r\\nVerifikasi hasil audit akan dilakukan pada: [TANGGAL_VERIFIKASI].\\r\\n\\r\\nDimohon memeriksa kembali kelengkapan data dan dokumen pendukung.\\r\\n\\r\\nTerima kasih.\\r\\n\\r\\nHormat kami,\\r\\nTim Audit 5S\",\"foto\":null,\"icon\":\"\\ud83d\\udce2\",\"warna\":\"yellow\"}', NULL, '2025-07-21 07:47:28', '2025-07-21 07:47:28', NULL),
('f495e81c-f486-4d70-aeca-14965f84a155', 'App\\Notifications\\PesanNotifikasi', 'App\\Models\\User', 6, '{\"judul\":\"Jadwal Audit\",\"isi_pesan\":\"\\ud83d\\udce2 Pemberitahuan Audit 5S\\r\\n\\r\\nYth. Bapak\\/Ibu Auditor,\\r\\n\\r\\nAudit 5S akan dilaksanakan pada tanggal : [TANGGAL_AUDIT].\\r\\nTema audit bulan ini adalah : [TEMA_AUDIT]\\r\\n\\r\\nMohon mempersiapkan dokumen pendukung dan memastikan area terkait dalam kondisi sesuai standar.\\r\\n\\r\\nTerima kasih atas kerja sama dan partisipasinya.\\r\\n\\r\\nSalam hormat,\\r\\nTim Audit 5S\",\"foto\":null,\"icon\":\"\\ud83d\\udce2\",\"warna\":\"yellow\"}', '2025-07-14 04:35:11', '2025-07-09 13:22:06', '2025-07-14 04:35:11', NULL),
('f4f08341-8aca-4e4f-86de-3e25e1bb93b9', 'App\\Notifications\\PesanNotifikasi', 'App\\Models\\User', 8, '{\"judul\":\"Jadwal Audit\",\"isi_pesan\":\"\\ud83d\\udce2 Pemberitahuan Audit 5S\\r\\n\\r\\nYth. Bapak\\/Ibu Auditor,\\r\\n\\r\\nAudit 5S akan dilaksanakan pada tanggal : [TANGGAL_AUDIT].\\r\\nTema audit bulan ini adalah : [TEMA_AUDIT]\\r\\n\\r\\nMohon mempersiapkan dokumen pendukung dan memastikan area terkait dalam kondisi sesuai standar.\\r\\n\\r\\nTerima kasih atas kerja sama dan partisipasinya.\\r\\n\\r\\nSalam hormat,\\r\\nTim Audit 5S\",\"foto\":null,\"icon\":\"\\ud83d\\udce2\",\"warna\":\"yellow\"}', NULL, '2025-07-11 09:35:24', '2025-07-11 09:35:24', NULL),
('f85a9f0f-109f-4e5e-a297-bde404e545fb', 'App\\Notifications\\PesanNotifikasi', 'App\\Models\\User', 4, '{\"judul\":\"Jadwal Audit\",\"isi_pesan\":\"\\ud83d\\udce2 Pemberitahuan Audit 5S\\r\\n\\r\\nYth. Bapak\\/Ibu Auditor,\\r\\n\\r\\nAudit 5S akan dilaksanakan pada tanggal : [TANGGAL_AUDIT].\\r\\nTema audit bulan ini adalah : [TEMA_AUDIT]\\r\\n\\r\\nMohon mempersiapkan dokumen pendukung dan memastikan area terkait dalam kondisi sesuai standar.\\r\\n\\r\\nTerima kasih atas kerja sama dan partisipasinya.\\r\\n\\r\\nSalam hormat,\\r\\nTim Audit 5S\",\"foto\":null,\"icon\":\"\\ud83d\\udce2\",\"warna\":\"yellow\"}', NULL, '2025-07-21 07:44:27', '2025-07-21 07:44:27', NULL),
('f9230c19-2b66-4473-95cd-c988ddfbb955', 'App\\Notifications\\PesanNotifikasi', 'App\\Models\\User', 12, '{\"judul\":\"Jadwal Audit\",\"isi_pesan\":\"\\ud83d\\udce2 Pemberitahuan Audit 5S\\r\\n\\r\\nYth. Bapak\\/Ibu Auditor,\\r\\n\\r\\nAudit 5S akan dilaksanakan pada tanggal : [TANGGAL_AUDIT].\\r\\nTema audit bulan ini adalah : [TEMA_AUDIT]\\r\\n\\r\\nMohon mempersiapkan dokumen pendukung dan memastikan area terkait dalam kondisi sesuai standar.\\r\\n\\r\\nTerima kasih atas kerja sama dan partisipasinya.\\r\\n\\r\\nSalam hormat,\\r\\nTim Audit 5S\",\"foto\":null,\"icon\":\"\\ud83d\\udce2\",\"warna\":\"yellow\"}', NULL, '2025-07-21 07:44:27', '2025-07-21 07:44:27', NULL),
('faa580c6-b7c1-42c1-b559-d0607353efd6', 'App\\Notifications\\PesanNotifikasi', 'App\\Models\\User', 8, '{\"judul\":\"Jadwal Verifikasi\",\"isi_pesan\":\"\\ud83d\\udce2 Pemberitahuan Verifikasi Audit\\r\\n\\r\\nYth. Bapak\\/Ibu Auditor,\\r\\n\\r\\nVerifikasi hasil audit akan dilakukan pada: [TANGGAL_VERIFIKASI].\\r\\n\\r\\nDimohon memeriksa kembali kelengkapan data dan dokumen pendukung.\\r\\n\\r\\nTerima kasih.\\r\\n\\r\\nHormat kami,\\r\\nTim Audit 5S\",\"foto\":null,\"icon\":\"\\ud83d\\udce2\",\"warna\":\"yellow\"}', NULL, '2025-07-21 07:47:28', '2025-07-21 07:47:28', NULL);

-- --------------------------------------------------------

--
-- Table structure for table `sessions`
--

CREATE TABLE `sessions` (
  `id` varchar(255) NOT NULL,
  `user_id` bigint(20) UNSIGNED DEFAULT NULL,
  `ip_address` varchar(45) DEFAULT NULL,
  `user_agent` text DEFAULT NULL,
  `payload` longtext NOT NULL,
  `last_activity` int(11) NOT NULL
) ENGINE=InnoDB DEFAULT CHARSET=utf8mb4 COLLATE=utf8mb4_unicode_ci;

--
-- Dumping data for table `sessions`
--

INSERT INTO `sessions` (`id`, `user_id`, `ip_address`, `user_agent`, `payload`, `last_activity`) VALUES
('jVI3YiHcfxMoMvAWgLyu53LEPM4Oqgle1hVGxq9b', 2, '127.0.0.1', 'Mozilla/5.0 (Windows NT 10.0; Win64; x64) AppleWebKit/537.36 (KHTML, like Gecko) Chrome/138.0.0.0 Safari/537.36', 'YToxMDp7czo2OiJfdG9rZW4iO3M6NDA6Ik9teU9ZeG1ucGlPRUVLbmFvMG80ZXhJbXMyNzZzdm9OMVR0alp3NWQiO3M6NjoiX2ZsYXNoIjthOjI6e3M6Mzoib2xkIjthOjA6e31zOjM6Im5ldyI7YTowOnt9fXM6OToiX3ByZXZpb3VzIjthOjE6e3M6MzoidXJsIjtzOjM1OiJodHRwOi8vMTI3LjAuMC4xOjgwMDAvYWRtaW4vbGFwb3JhbiI7fXM6NTI6ImxvZ2luX2FkbWluXzU5YmEzNmFkZGMyYjJmOTQwMTU4MGYwMTRjN2Y1OGVhNGUzMDk4OWQiO2k6MjtzOjE5OiJmaWx0ZXJfdGVtYV9yaXdheWF0IjtOO3M6MjE6ImZpbHRlcl9zdGF0dXNfcml3YXlhdCI7TjtzOjI4OiJmaWx0ZXJfdGFuZ2dhbF9hdWRpdF9yaXdheWF0IjtOO3M6MzM6ImZpbHRlcl90YW5nZ2FsX3ZlcmlmaWthc2lfcml3YXlhdCI7TjtzOjEzOiJsaW1pdF9yaXdheWF0IjtzOjI6IjEwIjtzOjE4OiJzb3J0X29yZGVyX3Jpd2F5YXQiO3M6NDoiZGVzYyI7fQ==', 1753242629),
('r2LnWbkK4mIqonCc3pHoOlhvortscN9VuzZodaT5', NULL, '127.0.0.1', 'Mozilla/5.0 (Windows NT 10.0; Win64; x64) AppleWebKit/537.36 (KHTML, like Gecko) Chrome/138.0.0.0 Safari/537.36 Edg/138.0.0.0', 'YTo1OntzOjY6Il90b2tlbiI7czo0MDoiTk94cmFocEptajhRNWlNMEJQbnprUUhuWDJicEdSbzNMZUEyUFhjQSI7czo2OiJfZmxhc2giO2E6Mjp7czozOiJvbGQiO2E6MDp7fXM6MzoibmV3IjthOjA6e319czo5OiJfcHJldmlvdXMiO2E6MTp7czozOiJ1cmwiO3M6Mjc6Imh0dHA6Ly8xMjcuMC4wLjE6ODAwMC9sb2dpbiI7fXM6MzoidXJsIjthOjE6e3M6ODoiaW50ZW5kZWQiO3M6MzE6Imh0dHA6Ly8xMjcuMC4wLjE6ODAwMC9kYXNoYm9hcmQiO31zOjUyOiJsb2dpbl9hZG1pbl81OWJhMzZhZGRjMmIyZjk0MDE1ODBmMDE0YzdmNThlYTRlMzA5ODlkIjtpOjI7fQ==', 1753241883),
('SqXEUwljB1FZjYxhX1omDyQjfARfHyZnMwlnykdy', 4, '127.0.0.1', 'Mozilla/5.0 (Windows NT 10.0; Win64; x64) AppleWebKit/537.36 (KHTML, like Gecko) Chrome/138.0.0.0 Safari/537.36', 'YTo0OntzOjY6Il90b2tlbiI7czo0MDoid0ptOGFVOEFHZVZ5bmVoZzNreUJCT28zSFoxc0NhNndmYjZhdExVUyI7czo2OiJfZmxhc2giO2E6Mjp7czozOiJvbGQiO2E6MDp7fXM6MzoibmV3IjthOjA6e319czo5OiJfcHJldmlvdXMiO2E6MTp7czozOiJ1cmwiO3M6MzE6Imh0dHA6Ly8xMjcuMC4wLjE6ODAwMC9kYXNoYm9hcmQiO31zOjUwOiJsb2dpbl93ZWJfNTliYTM2YWRkYzJiMmY5NDAxNTgwZjAxNGM3ZjU4ZWE0ZTMwOTg5ZCI7aTo0O30=', 1753242413);

-- --------------------------------------------------------

--
-- Table structure for table `user_audit`
--

CREATE TABLE `user_audit` (
  `id` int(11) NOT NULL,
  `user_id` int(11) NOT NULL,
  `bagian_diaudit_id` int(11) DEFAULT NULL,
  `lokasi` varchar(100) DEFAULT NULL,
  `deskripsi` text DEFAULT NULL,
  `tanggal_audit` date DEFAULT NULL,
  `status` enum('belum_close','close') DEFAULT 'belum_close',
  `created_at` timestamp NULL DEFAULT current_timestamp(),
  `updated_at` timestamp NULL DEFAULT current_timestamp() ON UPDATE current_timestamp()
) ENGINE=InnoDB DEFAULT CHARSET=utf8mb4 COLLATE=utf8mb4_general_ci;

--
-- Indexes for table `audit`
--
ALTER TABLE `audit`
  ADD PRIMARY KEY (`id`),
  ADD KEY `fk_audit_bagian` (`bagian_id`);

--
-- Indexes for table `bagian`
--
ALTER TABLE `bagian`
  ADD PRIMARY KEY (`id`);

--
-- Indexes for table `failed_jobs`
--
ALTER TABLE `failed_jobs`
  ADD PRIMARY KEY (`id`),
  ADD UNIQUE KEY `failed_jobs_uuid_unique` (`uuid`);

--
-- Indexes for table `jadwal_verifikasi`
--
ALTER TABLE `jadwal_verifikasi`
  ADD PRIMARY KEY (`id`),
  ADD KEY `fk_jadwal_audit` (`audit_id`);

--
-- Indexes for table `jobs`
--
ALTER TABLE `jobs`
  ADD PRIMARY KEY (`id`),
  ADD KEY `jobs_queue_index` (`queue`);

--
-- Indexes for table `job_batches`
--
ALTER TABLE `job_batches`
  ADD PRIMARY KEY (`id`);

--
-- Indexes for table `migrations`
--
ALTER TABLE `migrations`
  ADD PRIMARY KEY (`id`);

--
-- Indexes for table `notifications`
--
ALTER TABLE `notifications`
  ADD PRIMARY KEY (`id`),
  ADD KEY `notifications_notifiable_type_notifiable_id_index` (`notifiable_type`,`notifiable_id`);

--
-- Indexes for table `sessions`
--
ALTER TABLE `sessions`
  ADD PRIMARY KEY (`id`),
  ADD KEY `sessions_user_id_index` (`user_id`);

--
-- Indexes for table `user_audit`
--
ALTER TABLE `user_audit`
  ADD PRIMARY KEY (`id`),
  ADD KEY `user_id` (`user_id`),
  ADD KEY `bagian_diaudit_id` (`bagian_diaudit_id`);

--
-- AUTO_INCREMENT for table `audit`
--
ALTER TABLE `audit`
  MODIFY `id` int(11) UNSIGNED NOT NULL AUTO_INCREMENT, AUTO_INCREMENT=53;

--
-- AUTO_INCREMENT for table `bagian`
--
ALTER TABLE `bagian`
  MODIFY `id` int(11) NOT NULL AUTO_INCREMENT, AUTO_INCREMENT=14;

--
-- AUTO_INCREMENT for table `failed_jobs`
--
ALTER TABLE `failed_jobs`
  MODIFY `id` bigint(20) UNSIGNED NOT NULL AUTO_INCREMENT;

--
-- AUTO_INCREMENT for table `jadwal_verifikasi`
--
ALTER TABLE `jadwal_verifikasi`
  MODIFY `id` int(11) NOT NULL AUTO_INCREMENT;

--
-- AUTO_INCREMENT for table `jobs`
--
ALTER TABLE `jobs`
  MODIFY `id` bigint(20) UNSIGNED NOT NULL AUTO_INCREMENT;

--
-- AUTO_INCREMENT for table `migrations`
--
ALTER TABLE `migrations`
  MODIFY `id` int(10) UNSIGNED NOT NULL AUTO_INCREMENT, AUTO_INCREMENT=8;

--
-- AUTO_INCREMENT for table `user_audit`
--
ALTER TABLE `user_audit`
  MODIFY `id` int(11) NOT NULL AUTO_INCREMENT;

--
-- Constraints for dumped tables
--

--
-- Constraints for table `audit`
--
ALTER TABLE `audit`
  ADD CONSTRAINT `fk_audit_bagian` FOREIGN KEY (`bagian_id`) REFERENCES `bagian` (`id`) ON DELETE SET NULL;

--
-- Constraints for table `jadwal_verifikasi`
--
ALTER TABLE `jadwal_verifikasi`
  ADD CONSTRAINT `fk_jadwal_audit` FOREIGN KEY (`audit_id`) REFERENCES `audit` (`id`) ON DELETE CASCADE;

--
-- Constraints for table `user_audit`
--
ALTER TABLE `user_audit`
  ADD CONSTRAINT `user_audit_ibfk_1` FOREIGN KEY (`user_id`) REFERENCES `users` (`id`) ON DELETE CASCADE,
  ADD CONSTRAINT `user_audit_ibfk_2` FOREIGN KEY (`bagian_diaudit_id`) REFERENCES `bagian` (`id`) ON DELETE SET NULL;
COMMIT;

